+ 7*m + b. What is the units digit of h?
1
Let w(r) = 69*r**2 - 5. Let m(j) = 23*j**2 - 2. Let h(z) = -8*m(z) + 3*w(z). Let p be h(2). Suppose p = 4*c - 19. What is the tens digit of c?
2
Suppose 0 = -18*t + t + 41786. What is the tens digit of t?
5
Let a(w) = 16*w**3 + w + 7. What is the tens digit of a(3)?
4
Let m(t) be the second derivative of t**5/4 - t**4/12 - t**3/6 - 2*t. What is the units digit of m(3)?
3
Let n(l) = 3*l + 29. Let j be n(-9). Suppose -5*f = 4*t - 429, 0*f - j*f = 4*t - 438. What is the tens digit of t?
1
Suppose 0 = -v - 4*j + 158 - 28, 3*v + 2*j = 440. What is the hundreds digit of v?
1
Let z be (-8)/(-2) - 0/(-5). Let o = 71 - 47. Suppose -8*y + 4*y - 2*n = -o, 0 = -y - z*n - 8. What is the units digit of y?
8
Let v(j) = -114*j - 82. What is the hundreds digit of v(-7)?
7
Let r be (35 - 47)/(1 - -1 - 1). Let x(k) = -4*k + 34. What is the units digit of x(r)?
2
Let j(f) = 13*f**2 - 10*f**2 - 6*f - 1 - 5 - 3*f. What is the hundreds digit of j(9)?
1
Suppose -380 = -6*k + 1390. What is the hundreds digit of k?
2
Suppose -5*z = -4*o + 21 + 12, 2*z = -o - 8. What is the units digit of (o/(12/(-10)))/(10/(-36))?
6
Let r(y) = -11 + 7 + 3 + 51*y**2. What is the units digit of r(-1)?
0
Let u(z) = -z**2 - 24*z + 122. What is the units digit of u(-25)?
7
Suppose -26*c - 484 = -15*c. Suppose r + 3*h - 280 = -3*r, -304 = -4*r + 3*h. Let p = r + c. What is the tens digit of p?
2
Let v(j) = 99*j**2 - j + 1. Suppose 3*u + 1 = 4*u. What is the units digit of v(u)?
9
Let z(d) = 4*d**3 + 3*d**2 + d - 1. Let p be z(-2). Let j = p - -25. Suppose -j*x = -0*x - 50. What is the tens digit of x?
2
Let n(d) be the third derivative of d**6/120 + 7*d**5/30 + 11*d**4/24 - 17*d**3/6 + 57*d**2. Suppose 4*g = 14 - 66. What is the units digit of n(g)?
9
Suppose -2*r + 1540 = -4*w + 8*w, 0 = -3*r + 3*w + 2292. What is the units digit of r?
6
Suppose 29335 = 33*p - 26171. What is the tens digit of p?
8
Let p be (2/(-3))/((-4)/(-36)). Let j = p - -6. Suppose j*r = -5*r + 155. What is the units digit of r?
1
What is the tens digit of (30/(-3))/(-5) + (293 - 1)?
9
Let d(x) = -x**3 - 4*x**2 - 7*x + 2. Let z be d(-6). Suppose 0 = -3*y + 5*l + z, y - 27 = 5*l - 5. What is the units digit of y?
7
Let i be (40 - 22)*4/6. Suppose 7*o = i*o - 1070. Suppose 3*z - o - 5 = 0. What is the tens digit of z?
7
Let i(w) = -w**3 + 9*w**2 - 15*w - 3. Let g be i(7). Let h be (-48)/60 + 2/g. What is the units digit of (-5 - 43)*h/3?
6
Suppose 0 = 4*g - 4 - 12. Let v(s) = s**3 + 5*s**2 - 5*s + 6. Let t be v(-6). Suppose g*r - 224 = -0*r - w, -3*r - w + 167 = t. What is the tens digit of r?
5
Let c be 6/(-27) - 50/18. Let i(o) = -2*o - 4. What is the units digit of i(c)?
2
Let m be ((-1)/4)/((-5)/260). Suppose 0*h - 2*h = -8. Let g = m - h. What is the units digit of g?
9
Let z = 51 - 24. Let s = -12 + z. What is the units digit of s?
5
Let i = -27 + 33. Suppose -x + i = -14. What is the units digit of x?
0
Suppose q = -5*q + 30. What is the hundreds digit of 99 + q/(5/2)?
1
Suppose 2*l - k + 2 = -l, -4*l - 3*k + 6 = 0. Suppose l = -4*m - m. Suppose -3*r + 30 + 126 = m. What is the units digit of r?
2
Let u = -3806 + 6683. What is the thousands digit of u?
2
Suppose 3*p + 205 - 4 = 0. Let s = -11 - p. Suppose f = 3*f - s. What is the tens digit of f?
2
Suppose -5*x + x = -5*w - 18, 4*w - 2 = -5*x. Suppose -2*b - k = -55, -2*k + 12 = x*k. What is the units digit of b?
6
What is the units digit of (-3)/(-2 + (-9023)/4508 - -4)?
2
Suppose 5*g - 45 - 39 = -4*l, 4*g - 2*l = 88. Let z = g + -16. Suppose z*r - 8 = 0, 22 = 5*m + r - 0*r. What is the units digit of m?
4
Let l(m) = m**3 + 7*m**2 - 7*m + 2. Let k be l(-8). Let t(y) = y**3 - 6*y**2 + 8*y + 2. Let f be t(4). What is the tens digit of 44 + k/(0 - f)?
4
Let u(k) = -k**2 - 5*k - 4. Let f(q) = q**2 + q + 1. Let j(t) = 2*f(t) + u(t). Let l be j(8). What is the tens digit of l*(0 + (-9)/(-6))?
5
Suppose -23 = q + 5*c, 6*q - 2*q = 3*c + 23. Suppose -q*l + 138 = -4. What is the units digit of l?
1
Suppose -4*o = 5*n - 1794, 0 = -3*o + o + 4*n + 884. What is the units digit of o?
6
What is the units digit of (100/(-15))/((-1)/18) - 1?
9
Let w be ((-4)/6)/(46/414). Let t(k) = 2 + 6*k**2 + k**3 - k**3 + k**3. What is the units digit of t(w)?
2
Let u = -473 + 933. What is the hundreds digit of u?
4
Let g(w) = 106*w + 1. What is the tens digit of g(2)?
1
Let f = -832 - -1514. What is the units digit of f?
2
Suppose -c = -3*o - 7, -2*o + 4*o = 4*c - 18. Suppose 2*q = -4*w + 4, 3*w - 1 = -c. What is the units digit of q?
4
Suppose -758 = -4*h + 2*f, -2*f = -4*h + f + 757. Suppose 2*o - h = -3*o. Suppose -p = 3*j - 110, -2*p + 71 = 3*j - o. What is the units digit of j?
7
Suppose 0 = 5*o + 3*j - 28, -5*j - 15 = -5*o + 5. Suppose -x + 63 = -o*b - 9, -x = -3*b - 80. What is the units digit of x?
2
Let w = 13010 - 9066. What is the units digit of w?
4
Let k(o) = o**3 - 11*o**2 + 10*o + 2. Let c be k(10). Suppose -5 = -c*h + 25. What is the tens digit of h + 0 + (-6 - -3)?
1
Let g(s) = 17*s**2 + 20*s - 8. What is the units digit of g(-5)?
7
Let o = -12 - -22. Suppose -y + 2 = -o. Suppose 4*j + y = 60. What is the tens digit of j?
1
Let o(d) = -d**2 - 14*d - 16. Let c be (63/12)/((-9)/(-24)). Suppose -c*k = -13*k + 9. What is the units digit of o(k)?
9
Let j = -3759 - -5438. What is the tens digit of j?
7
Let t(i) be the first derivative of i**3/3 + 7*i**2/2 + 14*i + 5. What is the units digit of t(9)?
8
Suppose -3*t - 3*o + 157 = 2*o, 2*t - 113 = -5*o. Let s = 136 - t. What is the units digit of 8/(-24) - s/(-6)?
5
Let q(s) = -s + 5. Let l(o) = 7*o**2 + o + 2. Let t be l(-3). Suppose 2*p + 0*p = 2*i + 28, -5*i + p - t = 0. What is the units digit of q(i)?
7
Let u be (-3)/21 - (-124)/(-14). Let a(k) = k**3 + 11*k**2 - 6*k - 2. What is the units digit of a(u)?
4
Let x(w) be the first derivative of w**6/360 + w**5/60 + w**4/4 + w**3 + 1. Let j(t) be the third derivative of x(t). What is the tens digit of j(-5)?
2
Suppose 1033 = -7*m + 9*m - 5*v, -5*v + 1043 = 2*m. What is the tens digit of m?
1
Let r(i) = i**3 - 9*i**2 + 7*i - 11. Let d(k) = -2*k - 3. Let x be d(-6). What is the tens digit of r(x)?
5
Let p = -26 + 14. Let h be 5*(-2 + p/(-4)). Suppose -h*s = 23 - 218. What is the units digit of s?
9
Suppose -a - 4*a - 15220 = -5*l, -3*a - 12179 = -4*l. What is the tens digit of l/22 - 2/(-4)?
3
Suppose -2*z = 5*u - 1054, 9*u + z = 7*u + 421. What is the hundreds digit of u?
2
Let f(w) = -w**2 - 28*w - 19. What is the units digit of f(-10)?
1
Suppose -5*n = -3*l - 448, 0 = -2*n + 6*l - 10*l + 200. What is the tens digit of n?
9
Let o(f) be the second derivative of -f**6/360 + f**5/10 + f**4/24 + 7*f**3/6 + 7*f. Let l(t) be the second derivative of o(t). What is the units digit of l(9)?
8
Let h(t) = -2*t**3 - 2*t**2 + 2*t + 1. Let r be h(-2). Suppose 3*z + 144 = 5*l, 5*z + r = 5*l - 135. What is the units digit of l?
0
Let m = -60 - -662. What is the units digit of m?
2
Let g(a) be the third derivative of a**6/60 - 7*a**5/60 - 2*a**3/3 + 2*a**2. What is the tens digit of g(5)?
7
Suppose -b - b + 4*t - 16 = 0, 4*t = -3*b - 4. What is the units digit of b/(-30) + 88/15?
6
Suppose -5*a - 3*h = -837, 2*a - 2*h + 833 = 7*a. Suppose 7*c - 213 = a. What is the units digit of c?
4
Let w(j) = -3*j + 8. Let p be w(5). Let r(s) = -s - 1. Let c(a) = -a**2 + a + 4. Let l(h) = -c(h) - 6*r(h). What is the tens digit of l(p)?
1
Suppose 3*i - 17 = 2*i. Let t = -17 + i. Suppose -4*u = -5*o + 198, t*u - 15 = -5*u. What is the units digit of o?
2
Let w = 39 + -32. Let u(p) be the third derivative of -p**5/60 + p**4/3 - p**3/6 - p**2. What is the units digit of u(w)?
6
Let g(j) = 1 + 4*j + j - 3*j. Suppose -3*v - 4*u + 21 = 1, 2*u = 4. What is the units digit of g(v)?
9
Let f be (-12)/(-18) + (-208)/6. Let v(s) = -s**3 + 3*s**2 - 4. Let p be v(3). Let n = p - f. What is the tens digit of n?
3
Suppose 2*d + 1484 = 6*d. Let b = d + -81. What is the units digit of b?
0
Let a(q) = -148*q - 64*q - 11 + 55*q. What is the units digit of a(-1)?
6
Let r be (-5 - -3) + (0 - 7). Let g = -455 - -173. What is the tens digit of (g/(-9))/((-6)/r)?
4
Let l(m) be the second derivative of m**6/120 + m**5/20 + m**4/4 + 2*m**3/3 + 3*m. Let h(b) be the second derivative of l(b). What